{"id":2209,"date":"2024-09-12T08:02:42","date_gmt":"2024-09-12T08:02:42","guid":{"rendered":"https:\/\/wp.dynamiclayers.net\/industrus-import\/?page_id=2209"},"modified":"2024-09-26T02:09:51","modified_gmt":"2024-09-26T00:09:51","slug":"contact","status":"publish","type":"page","link":"https:\/\/djemobtp.org\/site\/contact\/","title":{"rendered":"Contact"},"content":{"rendered":"\t\t<div data-elementor-type=\"wp-page\" data-elementor-id=\"2209\" class=\"elementor elementor-2209\">\n\t\t\t\t\t\t<section class=\"elementor-section elementor-top-section elementor-element elementor-element-d23baa6 elementor-section-boxed elementor-section-height-default elementor-section-height-default\" data-id=\"d23baa6\" data-element_type=\"section\" data-e-type=\"section\">\n\t\t\t\t\t\t<div class=\"elementor-container elementor-column-gap-default\">\n\t\t\t\t\t\t<\/div>\n\t\t<\/section>\n\t\t\t\t<section class=\"elementor-section elementor-top-section elementor-element elementor-element-6073885 elementor-section-full_width elementor-section-height-default elementor-section-height-default\" data-id=\"6073885\" data-element_type=\"section\" data-e-type=\"section\">\n\t\t\t\t\t\t<div class=\"elementor-container elementor-column-gap-no\">\n\t\t\t\t\t<div class=\"elementor-column elementor-col-100 elementor-top-column elementor-element elementor-element-7e2aa51\" data-id=\"7e2aa51\" data-element_type=\"column\" data-e-type=\"column\">\n\t\t\t<div class=\"elementor-widget-wrap elementor-element-populated\">\n\t\t\t\t\t\t<div class=\"elementor-element elementor-element-cd9ad1a elementor-widget elementor-widget-google_maps\" data-id=\"cd9ad1a\" data-element_type=\"widget\" data-e-type=\"widget\" data-widget_type=\"google_maps.default\">\n\t\t\t\t<div class=\"elementor-widget-container\">\n\t\t\t\t\t\t\t<div class=\"elementor-custom-embed\">\n\t\t\t<iframe loading=\"lazy\"\n\t\t\t\t\tsrc=\"https:\/\/maps.google.com\/maps?q=YAOUNDE%2C%20CAMEROUN%20DJEMO%20BTP&#038;t=m&#038;z=10&#038;output=embed&#038;iwloc=near\"\n\t\t\t\t\ttitle=\"YAOUNDE, CAMEROUN DJEMO BTP\"\n\t\t\t\t\taria-label=\"YAOUNDE, CAMEROUN DJEMO BTP\"\n\t\t\t><\/iframe>\n\t\t<\/div>\n\t\t\t\t\t\t<\/div>\n\t\t\t\t<\/div>\n\t\t\t\t\t<\/div>\n\t\t<\/div>\n\t\t\t\t\t<\/div>\n\t\t<\/section>\n\t\t\t\t<section class=\"elementor-section elementor-top-section elementor-element elementor-element-323b8ef9 elementor-section-content-middle elementor-section-boxed elementor-section-height-default elementor-section-height-default\" data-id=\"323b8ef9\" data-element_type=\"section\" data-e-type=\"section\" data-settings=\"{&quot;background_background&quot;:&quot;classic&quot;}\">\n\t\t\t\t\t\t<div class=\"elementor-container elementor-column-gap-default\">\n\t\t\t\t\t<div class=\"elementor-column elementor-col-50 elementor-top-column elementor-element elementor-element-4127c4f2\" data-id=\"4127c4f2\" data-element_type=\"column\" data-e-type=\"column\">\n\t\t\t<div class=\"elementor-widget-wrap elementor-element-populated\">\n\t\t\t\t\t\t<div class=\"elementor-element elementor-element-2c5721ba dl-align-left elementor-widget elementor-widget-industrus-section-heading\" data-id=\"2c5721ba\" data-element_type=\"widget\" data-e-type=\"widget\" data-widget_type=\"industrus-section-heading.default\">\n\t\t\t\t<div class=\"elementor-widget-container\">\n\t\t\t\t\t        <div class=\"dl-section-heading\">\r\n                                    <h2 class=\"dl-heading\" data-bg-text=\"\">\r\n                                <span class=\"dl-before\">Besoin d'expertise pour votre <\/span>\r\n                                                <span class=\"dl-center\">Projet ?<\/span>\r\n                                                <span class=\"dl-after\">Contactez-nous!<\/span>\r\n                                            <\/h2>\r\n                                <\/div>\r\n        \t\t\t\t<\/div>\n\t\t\t\t<\/div>\n\t\t\t\t<div class=\"elementor-element elementor-element-445f1a9d dl-left elementor-widget elementor-widget-industrus_service\" data-id=\"445f1a9d\" data-element_type=\"widget\" data-e-type=\"widget\" data-widget_type=\"industrus_service.default\">\n\t\t\t\t<div class=\"elementor-widget-container\">\n\t\t\t\t\t            <div class=\"dl-service dl-service-style-5\" >\r\n                <div class=\"dl-icon\"><i class=\"fas fa-mail-bulk\"><\/i><\/div>                                <div class=\"content\">\r\n                    <p >\ncontact@djemobtp.com<\/p>                <\/div>\r\n            <\/div>\r\n        \t\t\t\t<\/div>\n\t\t\t\t<\/div>\n\t\t\t\t<div class=\"elementor-element elementor-element-2a5292d1 dl-left elementor-widget elementor-widget-industrus_service\" data-id=\"2a5292d1\" data-element_type=\"widget\" data-e-type=\"widget\" data-widget_type=\"industrus_service.default\">\n\t\t\t\t<div class=\"elementor-widget-container\">\n\t\t\t\t\t            <div class=\"dl-service dl-service-style-5\" >\r\n                <div class=\"dl-icon\"><i class=\"fas fa-paper-plane\"><\/i><\/div>                                <div class=\"content\">\r\n                    <p >Cameroun - Yaounde, Awae escaliers, Nkolanga<\/p>                <\/div>\r\n            <\/div>\r\n        \t\t\t\t<\/div>\n\t\t\t\t<\/div>\n\t\t\t\t<div class=\"elementor-element elementor-element-6479e120 dl-left elementor-widget elementor-widget-industrus_service\" data-id=\"6479e120\" data-element_type=\"widget\" data-e-type=\"widget\" data-widget_type=\"industrus_service.default\">\n\t\t\t\t<div class=\"elementor-widget-container\">\n\t\t\t\t\t            <div class=\"dl-service dl-service-style-5\" >\r\n                <div class=\"dl-icon\"><i class=\"fas fa-phone-alt\"><\/i><\/div>                                <div class=\"content\">\r\n                    <p >+237 675 833 872  <br>+237 693 839 959<\/p>                <\/div>\r\n            <\/div>\r\n        \t\t\t\t<\/div>\n\t\t\t\t<\/div>\n\t\t\t\t\t<\/div>\n\t\t<\/div>\n\t\t\t\t<div class=\"elementor-column elementor-col-50 elementor-top-column elementor-element elementor-element-7dd1f30f\" data-id=\"7dd1f30f\" data-element_type=\"column\" data-e-type=\"column\">\n\t\t\t<div class=\"elementor-widget-wrap elementor-element-populated\">\n\t\t\t\t\t\t<div class=\"elementor-element elementor-element-43334146 elementor-widget elementor-widget-industrus_contact_form\" data-id=\"43334146\" data-element_type=\"widget\" data-e-type=\"widget\" data-widget_type=\"industrus_contact_form.default\">\n\t\t\t\t<div class=\"elementor-widget-container\">\n\t\t\t\t\t<div class=\"wt-cf7-form\">\n<div class=\"wpcf7 no-js\" id=\"wpcf7-f1938-o1\" lang=\"en-US\" dir=\"ltr\" data-wpcf7-id=\"1938\">\n<div class=\"screen-reader-response\"><p role=\"status\" aria-live=\"polite\" aria-atomic=\"true\"><\/p> <ul><\/ul><\/div>\n<form action=\"\/site\/wp-json\/wp\/v2\/pages\/2209#wpcf7-f1938-o1\" method=\"post\" class=\"wpcf7-form init\" aria-label=\"Contact form\" novalidate=\"novalidate\" data-status=\"init\">\n<fieldset class=\"hidden-fields-container\"><input type=\"hidden\" name=\"_wpcf7\" value=\"1938\" \/><input type=\"hidden\" name=\"_wpcf7_version\" value=\"6.1.5\" \/><input type=\"hidden\" name=\"_wpcf7_locale\" value=\"en_US\" \/><input type=\"hidden\" name=\"_wpcf7_unit_tag\" value=\"wpcf7-f1938-o1\" \/><input type=\"hidden\" name=\"_wpcf7_container_post\" value=\"0\" \/><input type=\"hidden\" name=\"_wpcf7_posted_data_hash\" value=\"\" \/>\n<\/fieldset>\n<div class=\"cf7-col\">\n\t<p><span class=\"wpcf7-form-control-wrap\" data-name=\"first-name\"><input size=\"40\" maxlength=\"400\" class=\"wpcf7-form-control wpcf7-text wpcf7-validates-as-required\" aria-required=\"true\" aria-invalid=\"false\" placeholder=\"Nom et Pr\u00e9nom\" value=\"\" type=\"text\" name=\"first-name\" \/><\/span>\n\t<\/p>\n<\/div>\n<div class=\"cf7-col\">\n<\/div>\n<div class=\"cf7-col\">\n\t<p><span class=\"wpcf7-form-control-wrap\" data-name=\"Email\"><input size=\"40\" maxlength=\"400\" class=\"wpcf7-form-control wpcf7-email wpcf7-validates-as-required wpcf7-text wpcf7-validates-as-email\" aria-required=\"true\" aria-invalid=\"false\" placeholder=\"Adresse email\" value=\"\" type=\"email\" name=\"Email\" \/><\/span>\n\t<\/p>\n<\/div>\n<div class=\"cf7-col\">\n\t<p><span class=\"wpcf7-form-control-wrap\" data-name=\"Telephone\"><input size=\"40\" maxlength=\"400\" class=\"wpcf7-form-control wpcf7-tel wpcf7-validates-as-required wpcf7-text wpcf7-validates-as-tel\" aria-required=\"true\" aria-invalid=\"false\" placeholder=\"Num\u00e9ro T\u00e9l\u00e9phone\" value=\"\" type=\"tel\" name=\"Telephone\" \/><\/span>\n\t<\/p>\n\t<p><span class=\"wpcf7-form-control-wrap\" data-name=\"residence\"><input size=\"40\" maxlength=\"400\" class=\"wpcf7-form-control wpcf7-text wpcf7-validates-as-required\" aria-required=\"true\" aria-invalid=\"false\" placeholder=\"Pays R\u00e9sidence\" value=\"\" type=\"text\" name=\"residence\" \/><\/span>\n\t<\/p>\n<\/div>\n<p><span class=\"wpcf7-form-control-wrap\" data-name=\"message\"><textarea cols=\"40\" rows=\"10\" maxlength=\"2000\" class=\"wpcf7-form-control wpcf7-textarea wpcf7-validates-as-required\" aria-required=\"true\" aria-invalid=\"false\" placeholder=\"Message\" name=\"message\"><\/textarea><\/span>\n<\/p>\n<div class=\"cf7-btn\">\n\t<p><input class=\"wpcf7-form-control wpcf7-submit has-spinner\" type=\"submit\" value=\"Envoyer\" \/>\n\t<\/p>\n<\/div><div class=\"wpcf7-response-output\" aria-hidden=\"true\"><\/div>\n<\/form>\n<\/div>\n<\/div>\t\t\t\t<\/div>\n\t\t\t\t<\/div>\n\t\t\t\t\t<\/div>\n\t\t<\/div>\n\t\t\t\t\t<\/div>\n\t\t<\/section>\n\t\t\t\t<section class=\"elementor-section elementor-top-section elementor-element elementor-element-2190e62 elementor-section-boxed elementor-section-height-default elementor-section-height-default\" data-id=\"2190e62\" data-element_type=\"section\" data-e-type=\"section\" data-settings=\"{&quot;background_background&quot;:&quot;classic&quot;}\">\n\t\t\t\t\t\t<div class=\"elementor-container elementor-column-gap-default\">\n\t\t\t\t\t<div class=\"elementor-column elementor-col-100 elementor-top-column elementor-element elementor-element-7fc04aa\" data-id=\"7fc04aa\" data-element_type=\"column\" data-e-type=\"column\">\n\t\t\t<div class=\"elementor-widget-wrap elementor-element-populated\">\n\t\t\t\t\t\t<div class=\"elementor-element elementor-element-727b561 elementor-widget elementor-widget-industrus_sponsor_carousel\" data-id=\"727b561\" data-element_type=\"widget\" data-e-type=\"widget\" data-widget_type=\"industrus_sponsor_carousel.default\">\n\t\t\t\t<div class=\"elementor-widget-container\">\n\t\t\t\t\t    <div class=\"dl-sponsor-carousel solid style-2\" data-autoplay=\"true\" data-loop=\"true\" data-mousewheel=\"true\" data-speed=\"800\" data-delay=\"5000\" data-item-desktop=\"6\" data-item-tablet=\"3\" data-item-mobile=\"3\" data-space-between=\"10\" data-slides-per-group=\"3\">\r\n        <div class=\"swiper-wrapper\">\r\n                        <div class=\"swiper-slide\">\r\n                <div class=\"dl-sponsor-item\">\r\n                        <a href=\"http:\/\/djemobtp.org\"  target=\"_blank\"  rel=\"nofollow\">                                                        <img decoding=\"async\" src=\"https:\/\/djemobtp.org\/site\/wp-content\/uploads\/2024\/09\/BECP.jpeg\" alt=\"BECP\">\r\n                                                <\/a>                <\/div>\r\n            <\/div>\r\n                        <div class=\"swiper-slide\">\r\n                <div class=\"dl-sponsor-item\">\r\n                        <a href=\"http:\/\/ifpct.com\"  target=\"_blank\"  rel=\"nofollow\">                                                        <img decoding=\"async\" src=\"https:\/\/djemobtp.org\/site\/wp-content\/uploads\/2024\/09\/IFPCT.jpeg\" alt=\"IFPCT\">\r\n                                                <\/a>                <\/div>\r\n            <\/div>\r\n                        <div class=\"swiper-slide\">\r\n                <div class=\"dl-sponsor-item\">\r\n                        <a href=\"http:\/\/ingeapps.djemodigital.cm\"  target=\"_blank\"  rel=\"nofollow\">                                                        <img decoding=\"async\" src=\"https:\/\/djemobtp.org\/site\/wp-content\/uploads\/2024\/09\/DJEMO-DIGITAL-e1727170238321.png\" alt=\"DJEMO DIGITAL\">\r\n                                                <\/a>                <\/div>\r\n            <\/div>\r\n                    <\/div>\r\n            <\/div>\r\n    \t\t\t\t<\/div>\n\t\t\t\t<\/div>\n\t\t\t\t\t<\/div>\n\t\t<\/div>\n\t\t\t\t\t<\/div>\n\t\t<\/section>\n\t\t\t\t<\/div>\n\t\t","protected":false},"excerpt":{"rendered":"<p>Besoin d&rsquo;expertise pour votre Projet ? Contactez-nous! contact@djemobtp.com Cameroun &#8211; Yaounde, Awae escaliers, Nkolanga +237 675 833 872 +237 693 839 959<\/p>\n","protected":false},"author":1,"featured_media":0,"parent":0,"menu_order":0,"comment_status":"closed","ping_status":"closed","template":"empty-template.php","meta":{"_acf_changed":false,"footnotes":""},"class_list":["post-2209","page","type-page","status-publish","hentry"],"acf":[],"yoast_head":"<!-- This site is optimized with the Yoast SEO plugin v27.4 - https:\/\/yoast.com\/product\/yoast-seo-wordpress\/ -->\n<title>Contact - DJEMO BTP<\/title>\n<meta name=\"robots\" content=\"index, follow, max-snippet:-1, max-image-preview:large, max-video-preview:-1\" \/>\n<link rel=\"canonical\" href=\"https:\/\/djemobtp.org\/site\/contact\/\" \/>\n<meta property=\"og:locale\" content=\"fr_FR\" \/>\n<meta property=\"og:type\" content=\"article\" \/>\n<meta property=\"og:title\" content=\"Contact - DJEMO BTP\" \/>\n<meta property=\"og:description\" content=\"Besoin d&rsquo;expertise pour votre Projet ? Contactez-nous! contact@djemobtp.com Cameroun &#8211; Yaounde, Awae escaliers, Nkolanga +237 675 833 872 +237 693 839 959\" \/>\n<meta property=\"og:url\" content=\"https:\/\/djemobtp.org\/site\/contact\/\" \/>\n<meta property=\"og:site_name\" content=\"DJEMO BTP\" \/>\n<meta property=\"article:publisher\" content=\"https:\/\/www.facebook.com\/djemobtp\/\" \/>\n<meta property=\"article:modified_time\" content=\"2024-09-26T00:09:51+00:00\" \/>\n<meta property=\"og:image\" content=\"https:\/\/djemobtp.org\/site\/wp-content\/uploads\/2024\/09\/BECP.jpeg\" \/>\n<meta name=\"twitter:card\" content=\"summary_large_image\" \/>\n<meta name=\"twitter:label1\" content=\"Dur\u00e9e de lecture estim\u00e9e\" \/>\n\t<meta name=\"twitter:data1\" content=\"1 minute\" \/>\n<script type=\"application\/ld+json\" class=\"yoast-schema-graph\">{\"@context\":\"https:\\\/\\\/schema.org\",\"@graph\":[{\"@type\":\"WebPage\",\"@id\":\"https:\\\/\\\/djemobtp.org\\\/site\\\/contact\\\/\",\"url\":\"https:\\\/\\\/djemobtp.org\\\/site\\\/contact\\\/\",\"name\":\"Contact - DJEMO BTP\",\"isPartOf\":{\"@id\":\"https:\\\/\\\/djemobtp.org\\\/site\\\/#website\"},\"primaryImageOfPage\":{\"@id\":\"https:\\\/\\\/djemobtp.org\\\/site\\\/contact\\\/#primaryimage\"},\"image\":{\"@id\":\"https:\\\/\\\/djemobtp.org\\\/site\\\/contact\\\/#primaryimage\"},\"thumbnailUrl\":\"https:\\\/\\\/djemobtp.org\\\/site\\\/wp-content\\\/uploads\\\/2024\\\/09\\\/BECP.jpeg\",\"datePublished\":\"2024-09-12T08:02:42+00:00\",\"dateModified\":\"2024-09-26T00:09:51+00:00\",\"breadcrumb\":{\"@id\":\"https:\\\/\\\/djemobtp.org\\\/site\\\/contact\\\/#breadcrumb\"},\"inLanguage\":\"fr-FR\",\"potentialAction\":[{\"@type\":\"ReadAction\",\"target\":[\"https:\\\/\\\/djemobtp.org\\\/site\\\/contact\\\/\"]}]},{\"@type\":\"ImageObject\",\"inLanguage\":\"fr-FR\",\"@id\":\"https:\\\/\\\/djemobtp.org\\\/site\\\/contact\\\/#primaryimage\",\"url\":\"https:\\\/\\\/djemobtp.org\\\/site\\\/wp-content\\\/uploads\\\/2024\\\/09\\\/BECP.jpeg\",\"contentUrl\":\"https:\\\/\\\/djemobtp.org\\\/site\\\/wp-content\\\/uploads\\\/2024\\\/09\\\/BECP.jpeg\",\"width\":318,\"height\":159,\"caption\":\"Logo PARTENAIRES DJEMO BTP\"},{\"@type\":\"BreadcrumbList\",\"@id\":\"https:\\\/\\\/djemobtp.org\\\/site\\\/contact\\\/#breadcrumb\",\"itemListElement\":[{\"@type\":\"ListItem\",\"position\":1,\"name\":\"Accueil\",\"item\":\"https:\\\/\\\/djemobtp.org\\\/site\\\/\"},{\"@type\":\"ListItem\",\"position\":2,\"name\":\"Contact\"}]},{\"@type\":\"WebSite\",\"@id\":\"https:\\\/\\\/djemobtp.org\\\/site\\\/#website\",\"url\":\"https:\\\/\\\/djemobtp.org\\\/site\\\/\",\"name\":\"DJEMO BTP\",\"description\":\"DJEMO BTP la r\u00e9f\u00e9rence de la construction en Afrique\",\"publisher\":{\"@id\":\"https:\\\/\\\/djemobtp.org\\\/site\\\/#organization\"},\"potentialAction\":[{\"@type\":\"SearchAction\",\"target\":{\"@type\":\"EntryPoint\",\"urlTemplate\":\"https:\\\/\\\/djemobtp.org\\\/site\\\/?s={search_term_string}\"},\"query-input\":{\"@type\":\"PropertyValueSpecification\",\"valueRequired\":true,\"valueName\":\"search_term_string\"}}],\"inLanguage\":\"fr-FR\"},{\"@type\":\"Organization\",\"@id\":\"https:\\\/\\\/djemobtp.org\\\/site\\\/#organization\",\"name\":\"DJEMO BTP\",\"url\":\"https:\\\/\\\/djemobtp.org\\\/site\\\/\",\"logo\":{\"@type\":\"ImageObject\",\"inLanguage\":\"fr-FR\",\"@id\":\"https:\\\/\\\/djemobtp.org\\\/site\\\/#\\\/schema\\\/logo\\\/image\\\/\",\"url\":\"https:\\\/\\\/djemobtp.org\\\/site\\\/wp-content\\\/uploads\\\/2024\\\/09\\\/DJEMO-BTP.jpeg\",\"contentUrl\":\"https:\\\/\\\/djemobtp.org\\\/site\\\/wp-content\\\/uploads\\\/2024\\\/09\\\/DJEMO-BTP.jpeg\",\"width\":180,\"height\":59,\"caption\":\"DJEMO BTP\"},\"image\":{\"@id\":\"https:\\\/\\\/djemobtp.org\\\/site\\\/#\\\/schema\\\/logo\\\/image\\\/\"},\"sameAs\":[\"https:\\\/\\\/www.facebook.com\\\/djemobtp\\\/\"]}]}<\/script>\n<!-- \/ Yoast SEO plugin. -->","yoast_head_json":{"title":"Contact - DJEMO BTP","robots":{"index":"index","follow":"follow","max-snippet":"max-snippet:-1","max-image-preview":"max-image-preview:large","max-video-preview":"max-video-preview:-1"},"canonical":"https:\/\/djemobtp.org\/site\/contact\/","og_locale":"fr_FR","og_type":"article","og_title":"Contact - DJEMO BTP","og_description":"Besoin d&rsquo;expertise pour votre Projet ? Contactez-nous! contact@djemobtp.com Cameroun &#8211; Yaounde, Awae escaliers, Nkolanga +237 675 833 872 +237 693 839 959","og_url":"https:\/\/djemobtp.org\/site\/contact\/","og_site_name":"DJEMO BTP","article_publisher":"https:\/\/www.facebook.com\/djemobtp\/","article_modified_time":"2024-09-26T00:09:51+00:00","og_image":[{"url":"https:\/\/djemobtp.org\/site\/wp-content\/uploads\/2024\/09\/BECP.jpeg","type":"","width":"","height":""}],"twitter_card":"summary_large_image","twitter_misc":{"Dur\u00e9e de lecture estim\u00e9e":"1 minute"},"schema":{"@context":"https:\/\/schema.org","@graph":[{"@type":"WebPage","@id":"https:\/\/djemobtp.org\/site\/contact\/","url":"https:\/\/djemobtp.org\/site\/contact\/","name":"Contact - DJEMO BTP","isPartOf":{"@id":"https:\/\/djemobtp.org\/site\/#website"},"primaryImageOfPage":{"@id":"https:\/\/djemobtp.org\/site\/contact\/#primaryimage"},"image":{"@id":"https:\/\/djemobtp.org\/site\/contact\/#primaryimage"},"thumbnailUrl":"https:\/\/djemobtp.org\/site\/wp-content\/uploads\/2024\/09\/BECP.jpeg","datePublished":"2024-09-12T08:02:42+00:00","dateModified":"2024-09-26T00:09:51+00:00","breadcrumb":{"@id":"https:\/\/djemobtp.org\/site\/contact\/#breadcrumb"},"inLanguage":"fr-FR","potentialAction":[{"@type":"ReadAction","target":["https:\/\/djemobtp.org\/site\/contact\/"]}]},{"@type":"ImageObject","inLanguage":"fr-FR","@id":"https:\/\/djemobtp.org\/site\/contact\/#primaryimage","url":"https:\/\/djemobtp.org\/site\/wp-content\/uploads\/2024\/09\/BECP.jpeg","contentUrl":"https:\/\/djemobtp.org\/site\/wp-content\/uploads\/2024\/09\/BECP.jpeg","width":318,"height":159,"caption":"Logo PARTENAIRES DJEMO BTP"},{"@type":"BreadcrumbList","@id":"https:\/\/djemobtp.org\/site\/contact\/#breadcrumb","itemListElement":[{"@type":"ListItem","position":1,"name":"Accueil","item":"https:\/\/djemobtp.org\/site\/"},{"@type":"ListItem","position":2,"name":"Contact"}]},{"@type":"WebSite","@id":"https:\/\/djemobtp.org\/site\/#website","url":"https:\/\/djemobtp.org\/site\/","name":"DJEMO BTP","description":"DJEMO BTP la r\u00e9f\u00e9rence de la construction en Afrique","publisher":{"@id":"https:\/\/djemobtp.org\/site\/#organization"},"potentialAction":[{"@type":"SearchAction","target":{"@type":"EntryPoint","urlTemplate":"https:\/\/djemobtp.org\/site\/?s={search_term_string}"},"query-input":{"@type":"PropertyValueSpecification","valueRequired":true,"valueName":"search_term_string"}}],"inLanguage":"fr-FR"},{"@type":"Organization","@id":"https:\/\/djemobtp.org\/site\/#organization","name":"DJEMO BTP","url":"https:\/\/djemobtp.org\/site\/","logo":{"@type":"ImageObject","inLanguage":"fr-FR","@id":"https:\/\/djemobtp.org\/site\/#\/schema\/logo\/image\/","url":"https:\/\/djemobtp.org\/site\/wp-content\/uploads\/2024\/09\/DJEMO-BTP.jpeg","contentUrl":"https:\/\/djemobtp.org\/site\/wp-content\/uploads\/2024\/09\/DJEMO-BTP.jpeg","width":180,"height":59,"caption":"DJEMO BTP"},"image":{"@id":"https:\/\/djemobtp.org\/site\/#\/schema\/logo\/image\/"},"sameAs":["https:\/\/www.facebook.com\/djemobtp\/"]}]}},"_links":{"self":[{"href":"https:\/\/djemobtp.org\/site\/wp-json\/wp\/v2\/pages\/2209","targetHints":{"allow":["GET"]}}],"collection":[{"href":"https:\/\/djemobtp.org\/site\/wp-json\/wp\/v2\/pages"}],"about":[{"href":"https:\/\/djemobtp.org\/site\/wp-json\/wp\/v2\/types\/page"}],"author":[{"embeddable":true,"href":"https:\/\/djemobtp.org\/site\/wp-json\/wp\/v2\/users\/1"}],"replies":[{"embeddable":true,"href":"https:\/\/djemobtp.org\/site\/wp-json\/wp\/v2\/comments?post=2209"}],"version-history":[{"count":22,"href":"https:\/\/djemobtp.org\/site\/wp-json\/wp\/v2\/pages\/2209\/revisions"}],"predecessor-version":[{"id":2619,"href":"https:\/\/djemobtp.org\/site\/wp-json\/wp\/v2\/pages\/2209\/revisions\/2619"}],"wp:attachment":[{"href":"https:\/\/djemobtp.org\/site\/wp-json\/wp\/v2\/media?parent=2209"}],"curies":[{"name":"wp","href":"https:\/\/api.w.org\/{rel}","templated":true}]}}